 k + 5*u - 33 = 0. What is the units digit of k?
3
Let v(f) = -f + 12. Let b = 19 - 3. Suppose 2*q = -0*q + b. What is the units digit of v(q)?
4
Suppose -3*n + 3*g = g - 3016, 0 = -5*g + 5. What is the thousands digit of n?
1
Let i(h) = 2*h**2 + h - 32. What is the tens digit of i(7)?
7
Let t be (-3*(-1 - 1))/2. Suppose -t*n = -2*n - 40. Let y = 84 - n. What is the tens digit of y?
4
Suppose -2*m + 10 + 26 = 0. Suppose -2*n + 18 = -m. Let d = -11 + n. What is the units digit of d?
7
Let p(r) = 11*r + 99. Let f be p(-9). Let s be 3*(0 + (-100)/(-6)). Suppose f = m - 0*m - s. What is the tens digit of m?
5
Let j = -8 + 5. Let q(x) = -x**2 + 1. Let d(r) = -r**3 + 3*r**2 + 3*r - 8. Let i(m) = -d(m) - 6*q(m). What is the units digit of i(j)?
1
Suppose 592 = 4*r - 4*f, -2*f + 672 + 68 = 5*r. Let l = r + -89. What is the tens digit of l?
5
Suppose 12*i - 1451 = 6301. What is the tens digit of i?
4
Let n(d) = 0*d**2 + 30*d + d**2 + 0*d**2 - 34*d - 25. What is the units digit of n(12)?
1
Let z(i) = 10*i - 13. Let g = 24 + -20. Let j be z(g). Suppose 5*v - 43 = j. What is the units digit of v?
4
Suppose -240*y - 528 = -246*y. What is the tens digit of y?
8
Let c(t) = -14*t + 8. Let m be c(9). Let h = -50 - m. What is the units digit of h?
8
Let o(c) = -c**2 + 23*c - 12. Let d be o(10). Suppose 0 = 3*k - 77 - d. Suppose -18*n + k = -13*n. What is the units digit of n?
3
Let k(p) = p**3 - 48*p**2 + 111*p + 41. What is the thousands digit of k(48)?
5
Suppose -24602 + 6412 = 17*c. What is the units digit of (26/(-65))/(2/c)?
4
Suppose 5*s - 2*x = 3391, -5*x + 1001 - 4386 = -5*s. What is the units digit of s?
9
Let p(j) = 6*j**2 + j - 1. Let v = -10 + 11. Let o be p(v). What is the units digit of (-54)/(-12)*20/o?
5
Let r = 464 + -269. What is the units digit of r?
5
Let i(n) = -n**3 - 17*n**2 + 19*n + 41. What is the units digit of i(-19)?
2
Suppose -58721 = -12*s - 22637. What is the units digit of s?
7
Suppose 0 = -3*d + 2*u + 144, d - u - 48 = 2*u. What is the units digit of (d/7)/(14/490)?
0
Let h = -1248 - -1809. What is the units digit of h?
1
Suppose -2*r + 0*r = -612. Let s = -166 + r. What is the units digit of s?
0
Let v(r) = 504*r**2 - 73*r + 147. What is the units digit of v(2)?
7
Suppose -1617 = -30*m + 27*m. Suppose 7*g - m = 1561. What is the units digit of g?
0
Suppose 0*v = -5*v + 5*g + 20, -5*v = -g - 20. Suppose 84 = v*p - 2*p. Let h = -18 + p. What is the tens digit of h?
2
Suppose 0 = r + 2*r - 5*q + 3, -r - 1 = 2*q. What is the tens digit of (r + 2)/(1 - (-36)/(-37))?
3
Suppose f = -0*z + 3*z + 15, 21 = 5*f + 3*z. What is the hundreds digit of (-1)/2*f - (0 - 156)?
1
Suppose 17*n - 2*n - 10380 = 0. What is the hundreds digit of n?
6
Let b(f) = -11*f + 1620. What is the tens digit of b(0)?
2
Let h be 1/6 + 152/(-48). Let b be -3 + (1 - (-1 + (1 - -1))). What is the tens digit of 62 - (-3 + (b - h))?
6
Let m(n) = 7*n**2 + 29*n - 199. What is the tens digit of m(9)?
2
Suppose -42 = b - 5*n, -5*b = 5*n + 300 - 30. Let c = b + 53. What is the units digit of c?
1
Let t(i) = 2297*i**3 + i + 1. What is the thousands digit of t(1)?
2
Suppose -31*t + 5797 = -3007. What is the tens digit of t?
8
Let n(r) = -r**2 - 13*r + 12. What is the units digit of n(-6)?
4
Let h(t) = 21*t - 13. What is the hundreds digit of h(22)?
4
Let j(x) = -36*x**2 - 3*x - 1. Let u be j(-1). Let l = -83 + 2. Let d = u - l. What is the tens digit of d?
4
Suppose 0 = -4*k + 51*k - 263576. What is the thousands digit of k?
5
What is the thousands digit of (-15 - (5 + -2))*11102/(-39)?
5
Let g = 75 - -254. What is the tens digit of g?
2
Let n = -497 + 618. What is the hundreds digit of n?
1
Suppose 49*f - 53*f + 4*g = -5396, -2*g = -2. What is the tens digit of f?
5
Suppose d + 27*h - 24*h = 3411, -3*d = -5*h - 10233. What is the thousands digit of d?
3
Let b = 260 + -87. Suppose 0 = -3*r - 4*a + b, 0 = -4*r - r + 5*a + 265. What is the tens digit of r?
5
Suppose 0 = c + 4, 2*c + 122 = s - 65. What is the units digit of s?
9
Let s(l) be the first derivative of l**3/3 + 11*l**2/2 + 14*l + 2. Let o be s(-10). What is the units digit of 6/o*14/3?
7
Suppose 0 = 7*u - 3 - 18. Suppose -s + 176 = u*s. What is the units digit of s?
4
Let n(t) = t**2 - 36*t + 25. What is the tens digit of n(-26)?
3
Let m(z) = -z**3 + 5*z**2 - 2*z. Let x be m(3). Suppose x*n = 10*n + 8. Suppose 3*w + 2*a = -1, -4 + 16 = n*w - 4*a. What is the units digit of w?
1
Let f be 328/5 + (-4)/(-10). Let c(n) = n**3 + 12*n**2 - 16*n + 1. Let g be c(-13). Let m = f - g. What is the tens digit of m?
2
Let d(a) = -a**3 - 6*a**2 - 2*a - 9. Let m be d(-6). Suppose -4*z + 456 = -5*g, m*z - 342 = -0*g - g. What is the tens digit of z?
1
Let y = -582 + 4991. What is the units digit of y?
9
Let v = 118 - 68. What is the tens digit of (-3)/(0 + 3) + v?
4
Let a(m) = m**2 - 4*m + 10. Suppose -6*n = -8*n + 50. Suppose 31 = 7*w - n. What is the units digit of a(w)?
2
Let n be 2/(-4) + 20/8. Let v(g) = 4 - 3*g + 3 - g**n - 5*g - 2. What is the units digit of v(-6)?
7
Let a(n) = n**3 + n**2 + 6*n - 5. Let r(i) = i**3 + 8*i**2 + 2*i + 19. Let k be r(-8). What is the units digit of a(k)?
9
Let w be 44/(-154) - 4*22/(-14). Suppose -22 - 134 = -w*s. What is the tens digit of s?
2
What is the tens digit of (50 - -1) + (-1 - 12/6)?
4
Let j(p) = 6*p**3 - 2*p**2 + p. Let n be j(1). Suppose 5*t - 2*g + 7*g = 525, -529 = -n*t - g. What is the tens digit of t?
0
Let u be -1 + -2*(-2 + 0). Let t(x) = -x - 3 + 0*x + u*x - x**2 + 2*x**2. What is the units digit of t(3)?
2
Let t(j) = j**3 - 2*j**2 + 7*j - 20. What is the thousands digit of t(13)?
1
Let i = -25 + 168. What is the hundreds digit of i?
1
Let o = 68 - 66. Suppose -452 = -2*c - 5*i, -i + 2 = -o. What is the hundreds digit of c?
2
Let x = -8 + 14. Let s(z) = 6*z**2 + 9*z + 1 + x*z - 14*z. What is the tens digit of s(-2)?
2
Let b be (8 + -7)*(-2)/(-2). Let i be (4/10)/((-11)/110). What is the units digit of (-2)/1 - b*i?
2
Let c = 0 + 2. Let t(d) = 8*d**2 + 3*d - 1. What is the units digit of t(c)?
7
Suppose 0*q = -5*y + q + 12709, 2*y + q - 5078 = 0. What is the thousands digit of y?
2
Let m(r) = 22*r**3 - 8*r**2 + 18*r - 28. What is the units digit of m(5)?
2
Let q = 38 - 35. Suppose 245 = q*p + 2*p. What is the tens digit of p?
4
Suppose 4*o + o - 30 = 0. Suppose -o*q - 45 = -7*q. Suppose 0 = -m - 4*i - i + 15, 3*m + i = q. What is the tens digit of m?
1
Let w(k) = k**2 + 26*k + 144. What is the units digit of w(-23)?
5
Suppose -9*x - 1971 = -39870. What is the units digit of x?
1
Let g = 16 + -27. Let u = -3 - g. What is the units digit of 1 - u/((-16)/4)?
3
What is the units digit of (-475 + 1)*99/(-66)?
1
Let w(c) = 9*c - 62. Let s be w(7). Let j(m) = 53*m + 5. What is the tens digit of j(s)?
5
Suppose -x - 6*p = -p - 376, -x = -2*p - 397. Let r = -181 + x. Suppose v = -4*v + r. What is the units digit of v?
2
Suppose -2*p - 19 = -5*l, -5*p + l - 4*l = -30. Suppose p*w + 2 = 5. What is the units digit of 129/9 + w/(-3)?
4
Suppose -2238 - 1788 = -3*s. What is the tens digit of s?
4
Let k = 44 + -15. Suppose g - 2*b - 80 = -3*g, -4*g = -5*b - 74. Let p = k + g. What is the units digit of p?
0
Let m(b) = -b - 3. Let r be m(-8). Let t(w) = -3*w**2 - 2*w**2 + r*w**2 + 2 + 4*w + w**2. What is the units digit of t(-7)?
3
Let u(c) = c - 7. Let g be u(6). Let d be g/((-3100)/(-776) - 4). Suppose 0 = -5*f - 8*a + 4*a + d, -2*f + 4*a = -100. What is the units digit of f?
2
Suppose 0 = -2*f + 98 + 422. What is the tens digit of f?
6
Let y = -7 - -23. Suppose -21*w = -y*w. Suppose w = 2*i + 4*t - 5*t - 31, 5*i = -2*t + 82. What is the tens digit of i?
1
Let n(b) = -b**2 + 16*b + 6. Let t be n(16). What is the hundreds digit of 2/t - 1050/(-9)?
1
Let c(u) = 6*u**3 + 2*u**2 + 5*u - 5. What is the units digit of c(3)?
0
What is the tens digit of (364/(-65))/((-3 + 1)/30)?
8
Let x be 0/(-4 - (-4 - -2)). Suppose 2*c - 7*c + 4*g = -240, x = c - 4*g - 32. Let s = c + -19. What is the units digit of s?
3
Suppose -3*g = k - 1874, -2*k = g - 0*g - 628. What is the units digit of g?
4
Let v(l) = l**3 - 6*l**2 - 9*l - 2. Let s be v(9). Suppose 5*j + s = -0*j. Let p = j - -33. What is the units digit of p?
1
Let j(g) = 2*g**2 - g + 151. Let b(q) = q**3 + 10*q**2 + 9*q. Let v be b(-9). What is the